{"id":12,"date":"2018-07-04T02:46:17","date_gmt":"2018-07-04T02:46:17","guid":{"rendered":"http:\/\/gdnconference.org\/gdn2021\/?page_id=12"},"modified":"2025-03-18T11:42:30","modified_gmt":"2025-03-18T11:42:30","slug":"committees","status":"publish","type":"page","link":"https:\/\/gdnconference.org\/gdn2025\/committees\/","title":{"rendered":"Committees"},"content":{"rendered":"\t\t<div data-elementor-type=\"wp-post\" data-elementor-id=\"12\" class=\"elementor elementor-12\">\n\t\t\t\t\t\t<section class=\"elementor-section elementor-top-section elementor-element elementor-element-61c128e elementor-section-boxed elementor-section-height-default elementor-section-height-default\" data-id=\"61c128e\" data-element_type=\"section\" data-e-type=\"section\">\n\t\t\t\t\t\t<div class=\"elementor-container elementor-column-gap-default\">\n\t\t\t\t\t<div class=\"elementor-column elementor-col-100 elementor-top-column elementor-element elementor-element-793f40a\" data-id=\"793f40a\" data-element_type=\"column\" data-e-type=\"column\">\n\t\t\t<div class=\"elementor-widget-wrap elementor-element-populated\">\n\t\t\t\t\t\t<div class=\"elementor-element elementor-element-acf46ca elementor-widget elementor-widget-text-editor\" data-id=\"acf46ca\" data-element_type=\"widget\" data-e-type=\"widget\" data-widget_type=\"text-editor.default\">\n\t\t\t\t<div class=\"elementor-widget-container\">\n\t\t\t\t\t\t\t\t\t<p><b><u>Honorary Chairs<\/u><\/b><\/p><p>Liping Fang, Ryerson University, Toronto, Canada<br \/>Pascale Zarat\u00e9, Toulouse Capitole University, France<\/p><p>\u00a0<\/p><p><b><u>General Chairs<\/u><\/b><\/p><p>Jos\u00e9 Mar\u00eda Moreno-Jim\u00e9nez<span lang=\"PT-BR\">, Universidad de Zaragoza, Spain<br \/>Danielle Costa Morais, Federal University of Pernambuco, Brazil<\/span><\/p><p>\u00a0<\/p><p><span style=\"text-decoration: underline;\"><strong><span lang=\"PT-BR\">Doctoral Consortium Chair<\/span><\/strong><\/span><\/p><p><span lang=\"PT-BR\">Pascale Zarat\u00e9,\u00a0<\/span><span style=\"font-family: var( --e-global-typography-text-font-family ), Sans-serif;\">Toulouse Capitole University, France<\/span><\/p><p>\u00a0<\/p><p><b><u>Program Chairs<\/u><\/b><\/p><p>Mar\u00eda Teresa Escobar, Universidad de Zaragoza, Spain<br \/>Alberto Tur\u00f3n, Universidad de Zaragoza, Spain<br \/>Ginger Ke, Memorial University of Newfoundland, Canada<\/p><p>\u00a0<\/p><p><span style=\"text-decoration: underline;\"><strong>Program Committee<\/strong><\/span><\/p><p style=\"margin-bottom: 1rem;\"><strong>GDN programme committee members:<\/strong><\/p>\t\t\t\t\t\t\t\t<\/div>\n\t\t\t\t<\/div>\n\t\t\t\t\t<\/div>\n\t\t<\/div>\n\t\t\t\t\t<\/div>\n\t\t<\/section>\n\t\t\t\t<section class=\"elementor-section elementor-top-section elementor-element elementor-element-31ca5dd elementor-section-boxed elementor-section-height-default elementor-section-height-default\" data-id=\"31ca5dd\" data-element_type=\"section\" data-e-type=\"section\">\n\t\t\t\t\t\t<div class=\"elementor-container elementor-column-gap-default\">\n\t\t\t\t\t<div class=\"elementor-column elementor-col-50 elementor-top-column elementor-element elementor-element-9c40b3a\" data-id=\"9c40b3a\" data-element_type=\"column\" data-e-type=\"column\">\n\t\t\t<div class=\"elementor-widget-wrap elementor-element-populated\">\n\t\t\t\t\t\t<div class=\"elementor-element elementor-element-82789c5 elementor-widget elementor-widget-text-editor\" data-id=\"82789c5\" data-element_type=\"widget\" data-e-type=\"widget\" data-widget_type=\"text-editor.default\">\n\t\t\t\t<div class=\"elementor-widget-container\">\n\t\t\t\t\t\t\t\t\t<p>Abdelkader Adla<br>Adiel Teixeira de Almeida<br>Fuad Aleskerov<br>Tung X. Bui<br>Guy Camileri<br>Ana Paula Cabral Seixas Costa<br>F\u00e1tima Dargam<br>GJ de Vreede<br>Pavlos Delias<br>Luis Dias<br>Edona Elshan<br>Sean Eom<br>Mar\u00eda Teresa Escobar<br>Liping Fang<br>Michael Filzmoser<br>Shawaei David He<br>Keith W. Hipel<br>Masahide Horita<br>Muhammed-Fatih Kaya<br>Marc Kilgour<br>Carolina Lino Martins<br>Nikolaos Matsatsinis<br><br><\/p>\t\t\t\t\t\t\t\t<\/div>\n\t\t\t\t<\/div>\n\t\t\t\t\t<\/div>\n\t\t<\/div>\n\t\t\t\t<div class=\"elementor-column elementor-col-50 elementor-top-column elementor-element elementor-element-082362a\" data-id=\"082362a\" data-element_type=\"column\" data-e-type=\"column\">\n\t\t\t<div class=\"elementor-widget-wrap elementor-element-populated\">\n\t\t\t\t\t\t<div class=\"elementor-element elementor-element-c191e2c elementor-widget elementor-widget-text-editor\" data-id=\"c191e2c\" data-element_type=\"widget\" data-e-type=\"widget\" data-widget_type=\"text-editor.default\">\n\t\t\t\t<div class=\"elementor-widget-container\">\n\t\t\t\t\t\t\t\t\t<p>Danielle Costa Morais<br \/>Jos\u00e9 Mar\u00eda Moreno-Jim\u00e9nez<br \/>Ben C. K. Ngan<br \/>Antonio De Nicola<br \/>Hannu Nurmi<br \/>Jason Papathanasiou<br \/>Fran\u00e7ois Pinet<br \/>Sandro Radovanovic<br \/>Ewa Roszkowska<br \/>Mareike Schoop<br \/>Tomasz Szapiro<br \/>Przemyslaw Szufel<br \/>Alexis Tsoukias<br \/>Konstantinos Vergidis<br \/>Rudolf Vetschera<br \/>Tomasz Wachowicz<br \/>Nannan Wu<br \/>ShiKui Wu<br \/>Haiyan Xu<br \/>Pascale Zarat\u00e9<br \/>John Zeleznikow<br \/>Zhen Zhang<\/p>\t\t\t\t\t\t\t\t<\/div>\n\t\t\t\t<\/div>\n\t\t\t\t\t<\/div>\n\t\t<\/div>\n\t\t\t\t\t<\/div>\n\t\t<\/section>\n\t\t\t\t<section class=\"elementor-section elementor-top-section elementor-element elementor-element-193932c elementor-section-boxed elementor-section-height-default elementor-section-height-default\" data-id=\"193932c\" data-element_type=\"section\" data-e-type=\"section\">\n\t\t\t\t\t\t<div class=\"elementor-container elementor-column-gap-default\">\n\t\t\t\t\t<div class=\"elementor-column elementor-col-100 elementor-top-column elementor-element elementor-element-6870ac2\" data-id=\"6870ac2\" data-element_type=\"column\" data-e-type=\"column\">\n\t\t\t<div class=\"elementor-widget-wrap elementor-element-populated\">\n\t\t\t\t\t\t<div class=\"elementor-element elementor-element-38b0fa4 elementor-widget elementor-widget-text-editor\" data-id=\"38b0fa4\" data-element_type=\"widget\" data-e-type=\"widget\" data-widget_type=\"text-editor.default\">\n\t\t\t\t<div class=\"elementor-widget-container\">\n\t\t\t\t\t\t\t\t\t<p><strong>Local program committee members:<\/strong><\/p>\t\t\t\t\t\t\t\t<\/div>\n\t\t\t\t<\/div>\n\t\t\t\t\t<\/div>\n\t\t<\/div>\n\t\t\t\t\t<\/div>\n\t\t<\/section>\n\t\t\t\t<section class=\"elementor-section elementor-top-section elementor-element elementor-element-3985c3d elementor-section-boxed elementor-section-height-default elementor-section-height-default\" data-id=\"3985c3d\" data-element_type=\"section\" data-e-type=\"section\">\n\t\t\t\t\t\t<div class=\"elementor-container elementor-column-gap-default\">\n\t\t\t\t\t<div class=\"elementor-column elementor-col-50 elementor-top-column elementor-element elementor-element-7795fbd\" data-id=\"7795fbd\" data-element_type=\"column\" data-e-type=\"column\">\n\t\t\t<div class=\"elementor-widget-wrap elementor-element-populated\">\n\t\t\t\t\t\t<div class=\"elementor-element elementor-element-c764a6b elementor-widget elementor-widget-text-editor\" data-id=\"c764a6b\" data-element_type=\"widget\" data-e-type=\"widget\" data-widget_type=\"text-editor.default\">\n\t\t\t\t<div class=\"elementor-widget-container\">\n\t\t\t\t\t\t\t\t\t<p>Juan Aguar\u00f3n<br \/>Alfredo Altuzarra<br \/>Eduardo Altuzarra<br \/>Pilar Gargallo<br \/>Jes\u00fas A. Miguel<\/p>\t\t\t\t\t\t\t\t<\/div>\n\t\t\t\t<\/div>\n\t\t\t\t\t<\/div>\n\t\t<\/div>\n\t\t\t\t<div class=\"elementor-column elementor-col-50 elementor-top-column elementor-element elementor-element-4675944\" data-id=\"4675944\" data-element_type=\"column\" data-e-type=\"column\">\n\t\t\t<div class=\"elementor-widget-wrap elementor-element-populated\">\n\t\t\t\t\t\t<div class=\"elementor-element elementor-element-bed6e9d elementor-widget elementor-widget-text-editor\" data-id=\"bed6e9d\" data-element_type=\"widget\" data-e-type=\"widget\" data-widget_type=\"text-editor.default\">\n\t\t\t\t<div class=\"elementor-widget-container\">\n\t\t\t\t\t\t\t\t\t<p><span style=\"font-family: var( --e-global-typography-text-font-family ), Sans-serif;\">Victoria Muerza<br \/><\/span><span style=\"font-family: var( --e-global-typography-text-font-family ), Sans-serif;\">Laura Mu\u00f1oz<br \/><\/span>Jorge Navarro<br \/>Manuel Salvador<br \/>Alberto Tur\u00f3n<\/p>\t\t\t\t\t\t\t\t<\/div>\n\t\t\t\t<\/div>\n\t\t\t\t\t<\/div>\n\t\t<\/div>\n\t\t\t\t\t<\/div>\n\t\t<\/section>\n\t\t\t\t<section class=\"elementor-section elementor-top-section elementor-element elementor-element-6a84d39c elementor-section-boxed elementor-section-height-default elementor-section-height-default\" data-id=\"6a84d39c\" data-element_type=\"section\" data-e-type=\"section\">\n\t\t\t\t\t\t<div class=\"elementor-container elementor-column-gap-default\">\n\t\t\t\t\t<div class=\"elementor-column elementor-col-100 elementor-top-column elementor-element elementor-element-4392df2a\" data-id=\"4392df2a\" data-element_type=\"column\" data-e-type=\"column\">\n\t\t\t<div class=\"elementor-widget-wrap elementor-element-populated\">\n\t\t\t\t\t\t<div class=\"elementor-element elementor-element-35890678 elementor-widget elementor-widget-text-editor\" data-id=\"35890678\" data-element_type=\"widget\" data-e-type=\"widget\" data-widget_type=\"text-editor.default\">\n\t\t\t\t<div class=\"elementor-widget-container\">\n\t\t\t\t\t\t\t\t\t<p>\u00a0<\/p><p><span style=\"text-decoration: underline;\"><strong>Organizing Committee:<\/strong><\/span><\/p>\t\t\t\t\t\t\t\t<\/div>\n\t\t\t\t<\/div>\n\t\t\t\t\t<\/div>\n\t\t<\/div>\n\t\t\t\t\t<\/div>\n\t\t<\/section>\n\t\t\t\t<section class=\"elementor-section elementor-top-section elementor-element elementor-element-5876178 elementor-section-boxed elementor-section-height-default elementor-section-height-default\" data-id=\"5876178\" data-element_type=\"section\" data-e-type=\"section\">\n\t\t\t\t\t\t<div class=\"elementor-container elementor-column-gap-default\">\n\t\t\t\t\t<div class=\"elementor-column elementor-col-50 elementor-top-column elementor-element elementor-element-c2ff37b\" data-id=\"c2ff37b\" data-element_type=\"column\" data-e-type=\"column\">\n\t\t\t<div class=\"elementor-widget-wrap elementor-element-populated\">\n\t\t\t\t\t\t<div class=\"elementor-element elementor-element-1b7e46f elementor-widget elementor-widget-text-editor\" data-id=\"1b7e46f\" data-element_type=\"widget\" data-e-type=\"widget\" data-widget_type=\"text-editor.default\">\n\t\t\t\t<div class=\"elementor-widget-container\">\n\t\t\t\t\t\t\t\t\t<p>Jos\u00e9 Mar\u00eda Moreno-Jim\u00e9nez<br \/>Juan Aguar\u00f3n<br \/>Alfredo Altuzarra<br \/>Mar\u00eda Teresa Escobar<\/p>\t\t\t\t\t\t\t\t<\/div>\n\t\t\t\t<\/div>\n\t\t\t\t\t<\/div>\n\t\t<\/div>\n\t\t\t\t<div class=\"elementor-column elementor-col-50 elementor-top-column elementor-element elementor-element-7689c09\" data-id=\"7689c09\" data-element_type=\"column\" data-e-type=\"column\">\n\t\t\t<div class=\"elementor-widget-wrap elementor-element-populated\">\n\t\t\t\t\t\t<div class=\"elementor-element elementor-element-a434057 elementor-widget elementor-widget-text-editor\" data-id=\"a434057\" data-element_type=\"widget\" data-e-type=\"widget\" data-widget_type=\"text-editor.default\">\n\t\t\t\t<div class=\"elementor-widget-container\">\n\t\t\t\t\t\t\t\t\t<p>Victoria Muerza<br \/>Laura Mu\u00f1oz<br \/>Jorge Navarro<br \/>Alberto Tur\u00f3n<\/p>\t\t\t\t\t\t\t\t<\/div>\n\t\t\t\t<\/div>\n\t\t\t\t\t<\/div>\n\t\t<\/div>\n\t\t\t\t\t<\/div>\n\t\t<\/section>\n\t\t\t\t<\/div>\n\t\t","protected":false},"excerpt":{"rendered":"<p>Honorary Chairs Liping Fang, Ryerson University, Toronto, CanadaPascale Zarat\u00e9, Toulouse Capitole University, France \u00a0 General Chairs Jos\u00e9 Mar\u00eda Moreno-Jim\u00e9nez, Universidad de Zaragoza, SpainDanielle Costa Morais, Federal University of Pernambuco, Brazil \u00a0 Doctoral Consortium Chair Pascale Zarat\u00e9,\u00a0Toulouse Capitole University, France \u00a0 Program Chairs Mar\u00eda Teresa Escobar, Universidad de Zaragoza, SpainAlberto Tur\u00f3n, Universidad de Zaragoza, SpainGinger Ke, [&hellip;]<\/p>\n","protected":false},"author":1,"featured_media":0,"parent":0,"menu_order":0,"comment_status":"closed","ping_status":"closed","template":"","meta":{"footnotes":""},"class_list":["post-12","page","type-page","status-publish","hentry"],"_links":{"self":[{"href":"https:\/\/gdnconference.org\/gdn2025\/wp-json\/wp\/v2\/pages\/12","targetHints":{"allow":["GET"]}}],"collection":[{"href":"https:\/\/gdnconference.org\/gdn2025\/wp-json\/wp\/v2\/pages"}],"about":[{"href":"https:\/\/gdnconference.org\/gdn2025\/wp-json\/wp\/v2\/types\/page"}],"author":[{"embeddable":true,"href":"https:\/\/gdnconference.org\/gdn2025\/wp-json\/wp\/v2\/users\/1"}],"replies":[{"embeddable":true,"href":"https:\/\/gdnconference.org\/gdn2025\/wp-json\/wp\/v2\/comments?post=12"}],"version-history":[{"count":73,"href":"https:\/\/gdnconference.org\/gdn2025\/wp-json\/wp\/v2\/pages\/12\/revisions"}],"predecessor-version":[{"id":1595,"href":"https:\/\/gdnconference.org\/gdn2025\/wp-json\/wp\/v2\/pages\/12\/revisions\/1595"}],"wp:attachment":[{"href":"https:\/\/gdnconference.org\/gdn2025\/wp-json\/wp\/v2\/media?parent=12"}],"curies":[{"name":"wp","href":"https:\/\/api.w.org\/{rel}","templated":true}]}}