{"id":14,"date":"2018-07-04T02:46:38","date_gmt":"2018-07-04T02:46:38","guid":{"rendered":"http:\/\/gdnconference.org\/gdn2021\/?page_id=14"},"modified":"2021-07-28T15:10:08","modified_gmt":"2021-07-28T15:10:08","slug":"awards","status":"publish","type":"page","link":"https:\/\/gdnconference.org\/gdn2021\/awards\/","title":{"rendered":"Awards"},"content":{"rendered":"\t\t<div data-elementor-type=\"wp-post\" data-elementor-id=\"14\" class=\"elementor elementor-14 elementor-bc-flex-widget\">\n\t\t\t\t\t\t<section class=\"elementor-section elementor-top-section elementor-element elementor-element-6d137c2e elementor-section-boxed elementor-section-height-default elementor-section-height-default\" data-id=\"6d137c2e\" data-element_type=\"section\" data-e-type=\"section\">\n\t\t\t\t\t\t<div class=\"elementor-container elementor-column-gap-default\">\n\t\t\t\t\t<div class=\"elementor-column elementor-col-100 elementor-top-column elementor-element elementor-element-4838d2c2\" data-id=\"4838d2c2\" data-element_type=\"column\" data-e-type=\"column\">\n\t\t\t<div class=\"elementor-widget-wrap elementor-element-populated\">\n\t\t\t\t\t\t<div class=\"elementor-element elementor-element-740a7fc6 elementor-widget elementor-widget-text-editor\" data-id=\"740a7fc6\" data-element_type=\"widget\" data-e-type=\"widget\" data-widget_type=\"text-editor.default\">\n\t\t\t\t<div class=\"elementor-widget-container\">\n\t\t\t\t\t\t\t\t\t<h3><span style=\"color: #000080;\"><strong>1) Conference paper Awards<\/strong><\/span><\/h3>\n<p>A full-length paper accepted for GDN 2021 or GDN 2020 is eligible for consideration for the GDN 2021 Springer Best Paper Award and GDN 2021 Springer Best Student Paper Award (if other conditions are met) if the full-length paper is presented at GDN 2021. It is emphasized that in order for a full-length paper accepted for GDN 2021 or GDN 2020 to be eligible for the GDN 2021 Best Paper Awards, the paper is required to be presented at GDN 2021.<\/p>\n<h4><strong>1.1) GDN\u00a0<\/strong><strong>Springer\u00a0<\/strong><strong>Best Student Paper<\/strong><\/h4>\n<p>The GDN Springer Best Student Paper Awards is $300 and $200.<\/p>\n<ul>\n<li>The author must not have completed the PhD<\/li>\n<li>The young researcher must be the first author of the paper, the\u00a0supervisor can be co-author<\/li>\n<li>The paper must be presented by the young researcher at the conference<\/li>\n<li>It must be submitted as a full paper, not an abstract or extended abstract<\/li>\n<\/ul>\n<div>\n<h4><span style=\"font-weight: bold;\">\u00a0<\/span>Award Recipients:<\/h4>\n<table style=\"font-weight: 400; font-style: normal; font-family: Roboto, sans-serif; width: 576.656px; background-color: #ffffff;\" border=\"0\" width=\"100%\">\n<tbody>\n<tr>\n<td width=\"10%\">\n<p><span style=\"font-weight: bold;\">Year<\/span><\/p>\n<\/td>\n<td width=\"90%\">\n<p><span style=\"font-weight: bold;\">Name (University, Paper)<\/span><\/p>\n<\/td>\n<\/tr>\n<tr>\n<td>\n<p>2020 and 2021<\/p>\n<\/td>\n<td>\n<p><span style=\"font-weight: bold;\">Best Paper:<br \/><\/span>Smart contracts efficiency in consumer and supplier relationship<br \/>Elmira Mohammadhosseini Fadafan<span style=\"font-weight: bold;\"><br \/>Runner-ups:<br \/><\/span>&#8211; Survey-Based Multi-Stakeholder Preference Elicitation with Relatively Incomplete and Possibly Disjoint Rank Orderings<br \/>Andreas Paulsson and Aron Larsson<br \/>&#8211; PredictRV: A Prediction Based Strategy for Negotiations with Dynamically Changing Reservation Value<br \/>Aditya Srinivas Gear, Kritika Prakash, Nonidh Singh and Praveen Paruchuri<\/p>\n<\/td>\n<\/tr>\n<\/tbody>\n<\/table>\n<\/div>\n<h4><strong>\u00a0<\/strong><\/h4>\n<h4><strong>1.2) GDN\u00a0<\/strong><strong>Springer\u00a0<\/strong><strong>Best Paper<\/strong><\/h4>\n<p>The GDN Springer Best Paper Awards is $600 and $400.<\/p>\n<p>\u00a0Selected papers are expected to be submitted\u00a0to the INFORMS \u201cGroup Decision and Negotiation Journal\u201d published by Springer (GDN journal).<\/p>\n<p>\u00a0<\/p>\n<h4>Award Recipient:<\/h4>\n<table style=\"font-weight: 400; font-style: normal; font-family: Roboto, sans-serif; width: 576.656px; background-color: #ffffff;\" border=\"0\" width=\"825\">\n<tbody>\n<tr>\n<td>\n<p><span style=\"font-weight: bold;\">Year<\/span><\/p>\n<\/td>\n<td>\n<p><span style=\"font-weight: bold;\">Name<\/span><\/p>\n<\/td>\n<\/tr>\n<tr>\n<td>\n<p>2020 and 2021<\/p>\n<\/td>\n<td>\n<p><span style=\"font-weight: bold;\">Social Ranking Problem Based on Rankings of Restricted Coalitions<\/span><br \/>Takahiro Suzuki and Masahide Horita<\/p>\n<\/td>\n<\/tr>\n<\/tbody>\n<\/table>\n<h3><span style=\"color: #000080;\"><strong>\u00a0<\/strong><\/span><\/h3>\n<h3><span style=\"color: #000080;\"><strong>2) Society Award &#8211;\u00a0Group Decision and Negotiation Section Award<\/strong><\/span><\/h3>\n<p>\u00a0<\/p>\n<p><\/p>\n<p>The GDN INFORMS Section Award honors an individual who has made outstanding contributions to research in the field of Group Decision and Negotiation and\/or outstanding contributions to the GDN Section. The contributions justifying the award may be recent or they may have been made over the recipient&#8217;s lifetime.\u00a0 The Award will be accompanied by a Citation, to be prepared by the Section Award Committee, describing the recipient&#8217;s contributions to Group Decision and Negotiation. The previous recipients of this Award can be seen in this link <a style=\"background-color: #ffffff;\" href=\"https:\/\/connect.informs.org\/group-decision-and-negotiation\/awards\/gdn-award-recipients\">(GDN\u00a0Award\u00a0Recipients).<\/a><\/p>\n<p><\/p>\n<p><\/p>\n<p>\u00a0<\/p>\n<p><\/p>\t\t\t\t\t\t\t\t<\/div>\n\t\t\t\t<\/div>\n\t\t\t\t\t<\/div>\n\t\t<\/div>\n\t\t\t\t\t<\/div>\n\t\t<\/section>\n\t\t\t\t<section class=\"elementor-section elementor-top-section elementor-element elementor-element-3720f0b elementor-section-boxed elementor-section-height-default elementor-section-height-default\" data-id=\"3720f0b\" data-element_type=\"section\" data-e-type=\"section\">\n\t\t\t\t\t\t<div class=\"elementor-container elementor-column-gap-default\">\n\t\t\t\t\t<div class=\"elementor-column elementor-col-100 elementor-top-column elementor-element elementor-element-aa82563\" data-id=\"aa82563\" data-element_type=\"column\" data-e-type=\"column\">\n\t\t\t<div class=\"elementor-widget-wrap elementor-element-populated\">\n\t\t\t\t\t\t<div class=\"elementor-element elementor-element-246414d elementor-widget elementor-widget-text-editor\" data-id=\"246414d\" data-element_type=\"widget\" data-e-type=\"widget\" data-widget_type=\"text-editor.default\">\n\t\t\t\t<div class=\"elementor-widget-container\">\n\t\t\t\t\t\t\t\t\t<h4>2021 GDN Section Award Recipient:<\/h4>\n<p style=\"margin-bottom: .0001pt; text-align: center; line-height: normal;\" align=\"center\"><b><span lang=\"EN-CA\" style=\"font-size: 12.0pt; font-family: 'Times New Roman',serif;\"><img decoding=\"async\" class=\"alignleft\" src=\"http:\/\/gdnconference.org\/gdn2021\/wp-content\/uploads\/2021\/07\/raimo.jpeg\" alt=\"\" width=\"190\" height=\"234\" \/>CITATION FOR PROFESSOR\u00a0<\/span><\/b><span style=\"font-family: Times New Roman, serif;\"><b>RAIMO P. H\u00c4M\u00c4L\u00c4INEN<\/b><\/span><b style=\"font-family: inherit; font-style: inherit;\"><span lang=\"EN-CA\" style=\"font-size: 12.0pt; font-family: 'Times New Roman',serif;\">\u2019S\u00a0<\/span><\/b><b style=\"font-family: inherit; font-style: inherit;\"><span lang=\"EN-CA\" style=\"font-size: 12.0pt; font-family: 'Times New Roman',serif;\">2021 GROUP DECISION AND NEGOTIATION SECTION AWARD<\/span><\/b><\/p>\n<p style=\"margin-bottom: .0001pt; text-align: justify; line-height: normal;\"><span lang=\"EN-GB\" style=\"font-size: 12.0pt; font-family: 'Times New Roman',serif; mso-ansi-language: EN-GB;\">\u00a0<\/span><\/p>\n<p style=\"margin-bottom: .0001pt; text-align: justify; line-height: normal;\"><span style=\"font-family: Times New Roman, serif;\">Professor Raimo P. H\u00e4m\u00e4l\u00e4inen has made outstanding contributions to the field of Group Decision and Negotiation (GDN), while being an internationally acknowledged researcher in a number of related fields, including multicriteria decision making, environmental modelling, systems thinking and behavioral operations research. His theoretical work includes imprecise and interval approaches in multicriteria models as well as game theoretic methods for negotiation processes. His research has led to the development of noted decision support systems: web-HIPRE for multicriteria analysis, JOINT-GAINS for negotiation support and OPINIONS-ONLINE for opinion surveys and group voting. Professor H\u00e4m\u00e4l\u00e4inen has successfully applied his theories and models to a number of high-impact problems, notably, in energy policy, environmental planning and nuclear emergency management. A prolific author, Professor H\u00e4m\u00e4l\u00e4inen has been on the editorial board of the GDN journal, first as an associate editor and currently a departmental editor in the area of Behavior, Modeling and Group Interaction. He has been a steady participant in, and a sustained contributor to, the INFORMS-GDN conferences.<\/span><span style=\"font-family: 'Times New Roman', serif; font-size: 12pt;\">\u00a0<\/span><\/p>\t\t\t\t\t\t\t\t<\/div>\n\t\t\t\t<\/div>\n\t\t\t\t\t<\/div>\n\t\t<\/div>\n\t\t\t\t\t<\/div>\n\t\t<\/section>\n\t\t\t\t<section class=\"elementor-section elementor-top-section elementor-element elementor-element-4ac65ce elementor-section-boxed elementor-section-height-default elementor-section-height-default\" data-id=\"4ac65ce\" data-element_type=\"section\" data-e-type=\"section\">\n\t\t\t\t\t\t<div class=\"elementor-container elementor-column-gap-default\">\n\t\t\t\t\t<div class=\"elementor-column elementor-col-100 elementor-top-column elementor-element elementor-element-cb09a40\" data-id=\"cb09a40\" data-element_type=\"column\" data-e-type=\"column\">\n\t\t\t<div class=\"elementor-widget-wrap elementor-element-populated\">\n\t\t\t\t\t\t<div class=\"elementor-element elementor-element-1f15813 elementor-widget elementor-widget-text-editor\" data-id=\"1f15813\" data-element_type=\"widget\" data-e-type=\"widget\" data-widget_type=\"text-editor.default\">\n\t\t\t\t<div class=\"elementor-widget-container\">\n\t\t\t\t\t\t\t\t\t<p style=\"text-align: left;\">\u00a0<\/p>\n<h3><span style=\"color: #000080;\"><span style=\"font-weight: bold;\">3) Gregory Kersten GDN Journal Best Paper Award<\/span><\/span><\/h3>\n<p><span style=\"font-family: Roboto, sans-serif; font-style: normal; font-weight: 400;\"><span style=\"font-family: Roboto, sans-serif; font-style: normal; font-weight: 400;\">To commemorate the late Gregory Kersten, Section President and Editor in Chief of the GDN Journal, the informs Section on Group Decision and Negotiation establishes the annual \u201cGregory Kersten GDN Journal Best Paper Award\u201d for outstanding papers published in the GDN journal<\/span><\/span><\/p>\n<div>\n<div><strong>\u00a0<\/strong><\/div>\n<h4>2021 Gregory Kersten GDN Journal Best Paper Award Recipient<\/h4>\n<div>Geiger, Ingmar. From Letter to Twitter: A Systematic Review of Communication Media in Negotiation. Group Decision and Negotiation, v.29, 227-250 (2020).<\/div>\n<div>\u00a0<\/div>\n<div><img fetchpriority=\"high\" decoding=\"async\" style=\"font-family: Roboto, sans-serif; font-style: normal; font-weight: 400;\" src=\"http:\/\/gdnconference.org\/gdn2021\/wp-content\/uploads\/2021\/07\/gregory-award-2021-1.png\" alt=\"\" width=\"3678\" height=\"1476\" \/><img decoding=\"async\" src=\"http:\/\/gdnconference.org\/gdn2021\/wp-content\/uploads\/2021\/07\/gregory-award-2021-2.png\" alt=\"\" width=\"3672\" height=\"1482\" \/>\u00a0<\/div>\n<div>\n<p style=\"text-align: center;\"><span style=\"color: #000000;\">Full list of GDN INFORMS Section Award Recipients<\/span><\/p>\n<h4><a href=\"https:\/\/connect.informs.org\/group-decision-and-negotiation\/awards\/gdn-award-recipients\" target=\"_blank\" rel=\"noopener\"><strong><img loading=\"lazy\" decoding=\"async\" src=\"http:\/\/gdnconference.org\/gdn2021\/wp-content\/uploads\/2018\/07\/GDN-Informs.png\" alt=\"\" width=\"380\" height=\"78\" \/><\/strong><\/a><\/h4>\n<\/div>\n<\/div>\t\t\t\t\t\t\t\t<\/div>\n\t\t\t\t<\/div>\n\t\t\t\t\t<\/div>\n\t\t<\/div>\n\t\t\t\t\t<\/div>\n\t\t<\/section>\n\t\t\t\t<\/div>\n\t\t","protected":false},"excerpt":{"rendered":"<p>1) Conference paper Awards A full-length paper accepted for GDN 2021 or GDN 2020 is eligible for consideration for the GDN 2021 Springer Best Paper Award and GDN 2021 Springer Best Student Paper Award (if other conditions are met) if the full-length paper is presented at GDN 2021. It is emphasized that in order for [&hellip;]<\/p>\n","protected":false},"author":3,"featured_media":0,"parent":0,"menu_order":0,"comment_status":"closed","ping_status":"closed","template":"","meta":{"footnotes":""},"class_list":["post-14","page","type-page","status-publish","hentry"],"_links":{"self":[{"href":"https:\/\/gdnconference.org\/gdn2021\/wp-json\/wp\/v2\/pages\/14","targetHints":{"allow":["GET"]}}],"collection":[{"href":"https:\/\/gdnconference.org\/gdn2021\/wp-json\/wp\/v2\/pages"}],"about":[{"href":"https:\/\/gdnconference.org\/gdn2021\/wp-json\/wp\/v2\/types\/page"}],"author":[{"embeddable":true,"href":"https:\/\/gdnconference.org\/gdn2021\/wp-json\/wp\/v2\/users\/3"}],"replies":[{"embeddable":true,"href":"https:\/\/gdnconference.org\/gdn2021\/wp-json\/wp\/v2\/comments?post=14"}],"version-history":[{"count":10,"href":"https:\/\/gdnconference.org\/gdn2021\/wp-json\/wp\/v2\/pages\/14\/revisions"}],"predecessor-version":[{"id":923,"href":"https:\/\/gdnconference.org\/gdn2021\/wp-json\/wp\/v2\/pages\/14\/revisions\/923"}],"wp:attachment":[{"href":"https:\/\/gdnconference.org\/gdn2021\/wp-json\/wp\/v2\/media?parent=14"}],"curies":[{"name":"wp","href":"https:\/\/api.w.org\/{rel}","templated":true}]}}